4417 composite?
False
Is 3873809 a prime number?
True
Is 8549537 a composite number?
True
Is 296961647 a prime number?
False
Is 1986497 prime?
True
Is 18559027 composite?
False
Is 13725889 composite?
False
Is 4009471 composite?
True
Is 33776401 composite?
False
Is 1060621 a prime number?
True
Is 73097537 a prime number?
True
Is 1327759 a composite number?
False
Is 37551587 a prime number?
True
Is 87180326 a composite number?
True
Is 1768837 a composite number?
True
Is 1493953 composite?
True
Is 142737515 a prime number?
False
Is 981941 a prime number?
True
Is 220766129 a prime number?
False
Is 72693163 prime?
True
Is 13319017 prime?
True
Is 20072827 a prime number?
True
Is 629231021 composite?
False
Is 625213 a prime number?
True
Is 152465587 prime?
True
Is 204965237 a prime number?
False
Is 101042167 a prime number?
True
Is 138180071 prime?
False
Is 147797589 composite?
True
Is 126580277 a prime number?
True
Is 15301151 composite?
False
Is 75218785 a composite number?
True
Is 4126139 prime?
True
Is 236099 prime?
False
Is 76080281 a composite number?
True
Is 13979381 composite?
True
Is 96671947 a composite number?
True
Is 1140385 composite?
True
Is 952169 composite?
False
Is 680507513 a prime number?
False
Is 12127757 a composite number?
True
Is 4343803 composite?
True
Is 421783 a composite number?
False
Is 23064371 prime?
False
Is 1664693 composite?
True
Is 11504279 a prime number?
True
Is 1653577 composite?
True
Is 6276797 composite?
True
Is 21329057 a prime number?
False
Is 821897 prime?
True
Is 13007833 prime?
True
Is 544440833 a prime number?
False
Is 290305479 a prime number?
False
Is 3239231 a prime number?
False
Is 2983291 prime?
False
Is 6725777 composite?
True
Is 117851821 a composite number?
True
Is 7839161 composite?
True
Is 105116399 composite?
False
Is 3903071 a composite number?
False
Is 7481797 prime?
False
Is 1252067 a prime number?
False
Is 801904611 composite?
True
Is 61762814 composite?
True
Is 463741 a composite number?
False
Is 1629343 prime?
False
Is 705949753 a composite number?
True
Is 1905355 a prime number?
False
Is 2120147 composite?
False
Is 307821779 composite?
False
Is 27837707 prime?
False
Is 57297169 a composite number?
False
Is 8959847 prime?
False
Is 187982603 prime?
True
Is 162607721 a composite number?
False
Is 309901 composite?
True
Is 1737793 composite?
False
Is 11467531 a prime number?
True
Is 38369209 a prime number?
False
Is 2086339 a composite number?
False
Is 8802637 composite?
False
Is 20740487 composite?
True
Is 2384401 prime?
True
Is 16456861 a prime number?
False
Is 1328603 a prime number?
True
Is 15995197 a composite number?
False
Is 2901851 composite?
True
Is 231926413 a prime number?
True
Is 18347759 composite?
False
Is 4085441 prime?
False
Is 6238067 prime?
False
Is 41253 a prime number?
False
Is 2738929 composite?
True
Is 1635649 composite?
False
Is 188938801 a composite number?
False
Is 2476417 prime?
False
Is 2995661 a composite number?
False
Is 1285261 composite?
True
Is 39476093 a prime number?
True
Is 34270559 composite?
False
Is 5579803 a prime number?
False
Is 355909 composite?
False
Is 9209813 a prime number?
False
Is 4202743 prime?
False
Is 4452509 a composite number?
False
Is 69718289 a composite number?
False
Is 40412369 a composite number?
True
Is 966293 a composite number?
False
Is 11540413 composite?
False
Is 12541183 a composite number?
False
Is 41549699 a prime number?
True
Is 1569413 a composite number?
False
Is 15742943 a prime number?
False
Is 345011 composite?
False
Is 8263357 a prime number?
True
Is 8072305 composite?
True
Is 1573997 prime?
True
Is 11459879 composite?
False
Is 328393 composite?
True
Is 192785603 a composite number?
False
Is 35319311 a composite number?
True
Is 11599415 prime?
False
Is 40322339 a prime number?
True
Is 783257 a prime number?
True
Is 29505337 a prime number?
True
Is 34492727 composite?
True
Is 1450139 composite?
False
Is 2424427 prime?
True
Is 3264019 a composite number?
True
Is 1139329 prime?
True
Is 31063711 prime?
False
Is 122083807 composite?
True
Is 1415338 a composite number?
True
Is 234164657 a prime number?
True
Is 39890566 composite?
True
Is 24295093 a composite number?
True
Is 504336083 a prime number?
True
Is 22633829 a prime number?
True
Is 2190487 prime?
False
Is 2739353 prime?
True
Is 219274531 a composite number?
True
Is 151727 a composite number?
True
Is 1096442245 composite?
True
Is 2992513 composite?
False
Is 1658539 prime?
False
Is 17488147 prime?
True
Is 283176337 a prime number?
True
Is 102306007 a composite number?
False
Is 1418353 prime?
True
Is 49773637 a prime number?
False
Is 13907681 composite?
False
Is 36913483 a composite number?
True
Is 113891 a prime number?
True
Is 13024471 composite?
True
Is 23288219 a prime number?
False
Is 15140323 a composite number?
True
Is 3311143 composite?
True
Is 81789767 a composite number?
True
Is 3924839 a composite number?
False
Is 9027301 a prime number?
True
Is 2005867 composite?
True
Is 60143107 a prime number?
False
Is 18010963 prime?
True
Is 34707467 prime?
True
Is 206868929 a composite number?
True
Is 7996537 a composite number?
False
Is 641072303 a composite number?
False
Is 5988989 a composite number?
False
Is 5523689 composite?
False
Is 203413709 a composite number?
False
Is 597523133 composite?
False
Is 117165773 prime?
False
Is 30023533 a composite number?
True
Is 4306013 a composite number?
False
Is 413281853 composite?
False
Is 646471061 a prime number?
True
Is 28432139 a prime number?
False
Is 2108737 a composite number?
False
Is 15458233 composite?
True
Is 75147895 composite?
True
Is 14664355 a composite number?
True
Is 7220347 a composite number?
False
Is 5586023 a prime number?
True
Is 7432081 a prime number?
True
Is 693487 composite?
False
Is 27495479 a composite number?
True
Is 49454797 prime?
False
Is 1460003 a prime number?
True
Is 308078081 a composite number?
False
Is 8247589 a prime number?
False
Is 2106107 composite?
False
Is 5217133 a prime number?
True
Is 147900457 a prime number?
False
Is 13192243 prime?
True
Is 4908907 a composite number?
False
Is 20077711 a prime number?
False
Is 12646129 prime?
False
Is 22263259 a prime number?
True
Is 55411901 composite?
False
Is 752977 composite?
False
Is 18733087 composite?
False
Is 13080343 a composite number?
True
Is 825779 prime?
True
Is 914723827 composite?
True
Is 1224389 composite?
False
Is 16356859 a prime number?
True
Is 245711 a prime number?
True
Is 520979 a composite number?
True
Is 97624603 a prime number?
False
Is 4540339 composite?
True
Is 37986049 a composite number?
True
Is 11023823 a composite number?
False
Is 8553779 a prime number?
False
Is 637348889 a composite number?
False
Is 28907859 a prime number?
False
Is 1762159 composite?
True
Is 8809001 composite?
False
Is 595227883 composite?
False
Is 10035433 a composite number?
True
Is 1231627 a prime number?
False
Is 9025301 a prime number?
True
Is 3109363 composite?
True
Is 222643942 composite?
True
Is 2155711 a prime number?
True
Is 500198689 a prime number?
True
Is 37295659 a prime number?
True
Is 143346031 composite?
True
Is 55600757 prime?
True
Is 1090531621 a prime number?
True
Is 150759039 prime?
False
Is 6067823 composite?
False
Is 290101 a prime number?
False
Is 1365787 prime?
True
Is 167317301 a prime number?
True
Is 2549569 prime?
False
Is 17736623 composite?
False
Is 80470934 a prime number?
False
Is 2042783 a prime number?
True
Is 23997531 composite?
True
Is 587849 a prime number?
True
Is 4667851 a prime number?
True
Is 3606277 composite?
False
Is 229501045 composite?
True
Is 35176697 a composite number?
True
Is 10863137 a prime number?
False
Is 556174 composite?
True
Is 487441027 composite?
False
Is 925247 a composite number?
True
Is 3535409 a prime number?
False
Is 577231 a composite number?
True
Is 12664177 a composite number?
True
Is 491239 a prime number?
False
Is 186551 a prime number?
True
Is 9245219 a composite number?
True
Is 464397151 a composite number?
True
Is 68030269 a composite number?
False
Is 41206097 a composite number?
True
Is 190635163 a composite number?
False
Is 212648429 composite?
True
Is 93547523 a composite number?
False
Is 413123 a prime number?
False
Is 218642815 composite?
True
Is 21811903 a composite